{"id":3589,"date":"2015-07-10T21:19:53","date_gmt":"2015-07-10T21:19:53","guid":{"rendered":"http:\/\/rarerockdvds.com\/store\/?post_type=product&#038;p=3589"},"modified":"2025-11-26T16:41:40","modified_gmt":"2025-11-26T16:41:40","slug":"mana-live-rock-in-rio-usa-2015-dvd","status":"publish","type":"product","link":"https:\/\/rarerockdvds.com\/store\/product\/mana-live-rock-in-rio-usa-2015-dvd\/","title":{"rendered":"Man\u00e1 &#8211; Live Rock in Rio USA 2015 DVD"},"content":{"rendered":"<p><img decoding=\"async\" src=\"https:\/\/rarerockdvds.com\/store\/wp-content\/uploads\/2015\/07\/17937945932_e97ecb71ef_z-313x211.jpg\" alt=\"Man\u00e1 - Live Rock in Rio USA 2015 DVD\" title=\"\"><\/p>\n<p><strong>Man\u00e1 &#8211; Live Rock in Rio USA 2015 DVD<\/strong><\/p>\n<p>**Welcome to <strong>RareRock Dvds<\/strong> \u2013 Your Ultimate Destination for Rock &amp; Metal Music!**<\/p>\n<p>At RareRock Dvds, we live and breathe everything Music<\/p>\n<p><strong>SET:<\/strong><\/p>\n<p>Oye mi amor<br \/>\nDe pies a cabeza<br \/>\nCoraz\u00f3n espinado<br \/>\nD\u00e9jame entrar<br \/>\nManda una se\u00f1al<br \/>\nLluvia al coraz\u00f3n<br \/>\nMariposa traicionera<br \/>\nVivir sin aire<br \/>\nMe vale<br \/>\nEres mi religi\u00f3n<br \/>\nEn el muelle de San Blas<br \/>\nRayando el sol<br \/>\nLabios compartidos<br \/>\nClavado en un bar<\/p>\n<p><strong>DVD 5 PAL<\/strong><\/p>\n<p><span style=\"color: #ff0000;\"><strong>Unofficial Release<\/strong><\/span><\/p>\n<p>* Product made by fan. In this shop there is no piracy. Everything commercialized here does not exist in the official market.<\/p>\n<p><strong>NOTE<\/strong>: This region-free <strong>DVD-R<\/strong> is in NTSC or PAL format and will play on most PS2 systems and DVD Players made since 2000..<\/p>\n<p><strong>Man\u00e1 &#8211; Live Rock in Rio USA 2015 DVD<\/strong><\/p>\n","protected":false},"excerpt":{"rendered":"<p>Man\u00e1 &#8211; Live Rock in Rio USA 2015 DVD **Welcome to RareRock Dvds \u2013 Your Ultimate Destination for Rock &amp; Metal Music!** At RareRock Dvds, we live and breathe everything Music SET: Oye mi amor De pies a cabeza Coraz\u00f3n espinado D\u00e9jame entrar Manda una se\u00f1al Lluvia al coraz\u00f3n Mariposa traicionera Vivir sin aire Me<\/p>\n","protected":false},"featured_media":3590,"comment_status":"closed","ping_status":"closed","template":"","meta":[],"product_brand":[],"product_cat":[158,160],"product_tag":[],"class_list":{"0":"post-3589","1":"product","2":"type-product","3":"status-publish","4":"has-post-thumbnail","6":"product_cat-classic-rock","7":"product_cat-pop","9":"first","10":"instock","11":"sale","12":"taxable","13":"shipping-taxable","14":"purchasable","15":"product-type-simple"},"_links":{"self":[{"href":"https:\/\/rarerockdvds.com\/store\/wp-json\/wp\/v2\/product\/3589","targetHints":{"allow":["GET"]}}],"collection":[{"href":"https:\/\/rarerockdvds.com\/store\/wp-json\/wp\/v2\/product"}],"about":[{"href":"https:\/\/rarerockdvds.com\/store\/wp-json\/wp\/v2\/types\/product"}],"replies":[{"embeddable":true,"href":"https:\/\/rarerockdvds.com\/store\/wp-json\/wp\/v2\/comments?post=3589"}],"wp:featuredmedia":[{"embeddable":true,"href":"https:\/\/rarerockdvds.com\/store\/wp-json\/wp\/v2\/media\/3590"}],"wp:attachment":[{"href":"https:\/\/rarerockdvds.com\/store\/wp-json\/wp\/v2\/media?parent=3589"}],"wp:term":[{"taxonomy":"product_brand","embeddable":true,"href":"https:\/\/rarerockdvds.com\/store\/wp-json\/wp\/v2\/product_brand?post=3589"},{"taxonomy":"product_cat","embeddable":true,"href":"https:\/\/rarerockdvds.com\/store\/wp-json\/wp\/v2\/product_cat?post=3589"},{"taxonomy":"product_tag","embeddable":true,"href":"https:\/\/rarerockdvds.com\/store\/wp-json\/wp\/v2\/product_tag?post=3589"}],"curies":[{"name":"wp","href":"https:\/\/api.w.org\/{rel}","templated":true}]}}